{"id":16,"date":"2013-12-26T12:58:04","date_gmt":"2013-12-26T11:58:04","guid":{"rendered":"http:\/\/www.camping-noirmoutier-frandiere.fr\/?p=16"},"modified":"2026-01-08T15:22:22","modified_gmt":"2026-01-08T14:22:22","slug":"emplacement-tente-ou-caravane","status":"publish","type":"page","link":"https:\/\/www.camping-noirmoutier-frandiere.fr\/?page_id=16","title":{"rendered":"Emplacements"},"content":{"rendered":"\n<p class=\"has-pale-cyan-blue-color has-text-color has-link-color has-medium-font-size wp-elements-ce7482b3dfe2840e1eeb635d418d25d1\">\u00a0<em>Menu d\u00e9roulant de la rubrique Emplacements pour voir les photos <\/em>des emplacements<\/p>\n\n\n\n<p class=\"has-medium-font-size\"><em><strong>2 emplacements<\/strong> <\/em>: \u201cLes Eloux\u201det \u201cLe Fort Larron\u201d, peuvent accueillir tente, Van, Caravane ou Camping-car jusqu\u2019\u00e0 7m50.<\/p>\n\n\n\n<p class=\"has-black-color has-text-color has-link-color has-medium-font-size wp-elements-d70c439a33cfc49ffb330f1c8e335dde\"><em><strong>1 emplacement<\/strong><\/em> : \u201cLes Lutins\u201d peut accueillir deux petites tentes igloo ou toile 2 places (l&#8217;emplacement mesure 5m30 X 3m60) &#8211; Id\u00e9al pour les randonneurs ou les cyclotouristes.<\/p>\n\n\n\n<h3 class=\"wp-block-heading has-vivid-green-cyan-color has-text-color has-medium-font-size\">Les emplacements sont d\u00e9limit\u00e9s et \u00e9lectrifi\u00e9s (10 amp\u00e8res)<strong>.<\/strong><\/h3>\n\n\n\n<h3 class=\"wp-block-heading has-black-color has-text-color\">Un local cuisine est \u00e0 la disposition des campeurs avec grands r\u00e9frig\u00e9rateurs<strong>&nbsp;i<\/strong>ndividuels, gazini\u00e8res, four et micro-ondes<strong>.<\/strong><\/h3>\n\n\n\n<p><\/p>\n\n\n\n<figure class=\"wp-block-image size-large\"><a href=\"https:\/\/www.camping-noirmoutier-frandiere.fr\/wp-content\/uploads\/2024\/06\/PXL_20240603_084431105-scaled.jpg\"><img loading=\"lazy\" decoding=\"async\" width=\"1024\" height=\"576\" src=\"https:\/\/www.camping-noirmoutier-frandiere.fr\/wp-content\/uploads\/2024\/06\/PXL_20240603_084431105-1024x576.jpg\" alt=\"\" class=\"wp-image-1419\" srcset=\"https:\/\/www.camping-noirmoutier-frandiere.fr\/wp-content\/uploads\/2024\/06\/PXL_20240603_084431105-1024x576.jpg 1024w, https:\/\/www.camping-noirmoutier-frandiere.fr\/wp-content\/uploads\/2024\/06\/PXL_20240603_084431105-300x169.jpg 300w, https:\/\/www.camping-noirmoutier-frandiere.fr\/wp-content\/uploads\/2024\/06\/PXL_20240603_084431105-768x432.jpg 768w, https:\/\/www.camping-noirmoutier-frandiere.fr\/wp-content\/uploads\/2024\/06\/PXL_20240603_084431105-1536x864.jpg 1536w, https:\/\/www.camping-noirmoutier-frandiere.fr\/wp-content\/uploads\/2024\/06\/PXL_20240603_084431105-2048x1152.jpg 2048w\" sizes=\"auto, (max-width: 1024px) 100vw, 1024px\" \/><\/a><\/figure>\n\n\n<div class=\"wp-block-image\">\n<figure class=\"aligncenter\"><a href=\"https:\/\/www.camping-noirmoutier-frandiere.fr\/wp-content\/uploads\/2013\/12\/IMG_20190709_112539.jpg\"><img loading=\"lazy\" decoding=\"async\" width=\"4608\" height=\"3456\" src=\"https:\/\/www.camping-noirmoutier-frandiere.fr\/wp-content\/uploads\/2013\/12\/IMG_20190709_112539.jpg\" alt=\"IMG_20190709_112539\" class=\"wp-image-762\" srcset=\"https:\/\/www.camping-noirmoutier-frandiere.fr\/wp-content\/uploads\/2013\/12\/IMG_20190709_112539.jpg 4608w, https:\/\/www.camping-noirmoutier-frandiere.fr\/wp-content\/uploads\/2013\/12\/IMG_20190709_112539-300x225.jpg 300w, https:\/\/www.camping-noirmoutier-frandiere.fr\/wp-content\/uploads\/2013\/12\/IMG_20190709_112539-1024x768.jpg 1024w\" sizes=\"auto, (max-width: 4608px) 100vw, 4608px\" \/><\/a><\/figure>\n<\/div>\n\n\n<figure class=\"wp-block-image size-large\"><a href=\"https:\/\/www.camping-noirmoutier-frandiere.fr\/wp-content\/uploads\/2026\/01\/PXL_20250915_073608319-scaled.jpg\"><img loading=\"lazy\" decoding=\"async\" width=\"1024\" height=\"576\" src=\"https:\/\/www.camping-noirmoutier-frandiere.fr\/wp-content\/uploads\/2026\/01\/PXL_20250915_073608319-1024x576.jpg\" alt=\"\" class=\"wp-image-1652\" srcset=\"https:\/\/www.camping-noirmoutier-frandiere.fr\/wp-content\/uploads\/2026\/01\/PXL_20250915_073608319-1024x576.jpg 1024w, https:\/\/www.camping-noirmoutier-frandiere.fr\/wp-content\/uploads\/2026\/01\/PXL_20250915_073608319-300x169.jpg 300w, https:\/\/www.camping-noirmoutier-frandiere.fr\/wp-content\/uploads\/2026\/01\/PXL_20250915_073608319-768x432.jpg 768w, https:\/\/www.camping-noirmoutier-frandiere.fr\/wp-content\/uploads\/2026\/01\/PXL_20250915_073608319-1536x864.jpg 1536w, https:\/\/www.camping-noirmoutier-frandiere.fr\/wp-content\/uploads\/2026\/01\/PXL_20250915_073608319-2048x1152.jpg 2048w\" sizes=\"auto, (max-width: 1024px) 100vw, 1024px\" \/><\/a><\/figure>\n\n\n\n<p><\/p>\n","protected":false},"excerpt":{"rendered":"<p>\u00a0Menu d\u00e9roulant de la rubrique Emplacements pour voir les photos des emplacements 2 emplacements : \u201cLes Eloux\u201det \u201cLe Fort Larron\u201d, peuvent accueillir tente, Van, Caravane ou Camping-car jusqu\u2019\u00e0 7m50. 1 emplacement : \u201cLes Lutins\u201d peut accueillir deux petites tentes igloo ou toile 2 places (l&#8217;emplacement mesure 5m30 X 3m60) &#8211; Id\u00e9al pour les randonneurs ou [&hellip;]<\/p>\n","protected":false},"author":1,"featured_media":0,"parent":0,"menu_order":0,"comment_status":"open","ping_status":"open","template":"","meta":{"footnotes":""},"class_list":["post-16","page","type-page","status-publish","hentry"],"_links":{"self":[{"href":"https:\/\/www.camping-noirmoutier-frandiere.fr\/index.php?rest_route=\/wp\/v2\/pages\/16","targetHints":{"allow":["GET"]}}],"collection":[{"href":"https:\/\/www.camping-noirmoutier-frandiere.fr\/index.php?rest_route=\/wp\/v2\/pages"}],"about":[{"href":"https:\/\/www.camping-noirmoutier-frandiere.fr\/index.php?rest_route=\/wp\/v2\/types\/page"}],"author":[{"embeddable":true,"href":"https:\/\/www.camping-noirmoutier-frandiere.fr\/index.php?rest_route=\/wp\/v2\/users\/1"}],"replies":[{"embeddable":true,"href":"https:\/\/www.camping-noirmoutier-frandiere.fr\/index.php?rest_route=%2Fwp%2Fv2%2Fcomments&post=16"}],"version-history":[{"count":86,"href":"https:\/\/www.camping-noirmoutier-frandiere.fr\/index.php?rest_route=\/wp\/v2\/pages\/16\/revisions"}],"predecessor-version":[{"id":1672,"href":"https:\/\/www.camping-noirmoutier-frandiere.fr\/index.php?rest_route=\/wp\/v2\/pages\/16\/revisions\/1672"}],"wp:attachment":[{"href":"https:\/\/www.camping-noirmoutier-frandiere.fr\/index.php?rest_route=%2Fwp%2Fv2%2Fmedia&parent=16"}],"curies":[{"name":"wp","href":"https:\/\/api.w.org\/{rel}","templated":true}]}}