{"id":14,"date":"2013-12-26T12:44:24","date_gmt":"2013-12-26T11:44:24","guid":{"rendered":"http:\/\/www.camping-noirmoutier-frandiere.fr\/?p=14"},"modified":"2026-01-08T14:55:41","modified_gmt":"2026-01-08T13:55:41","slug":"bienvenue-au-camping-de-la-frandiere","status":"publish","type":"page","link":"https:\/\/www.camping-noirmoutier-frandiere.fr\/","title":{"rendered":""},"content":{"rendered":"<h1 style=\"text-align: center;\"><span style=\"color: #d15908;\">Camping La Frandi\u00e8re &#8211; Saison 2026<\/span><\/h1>\n<h2 style=\"text-align: center;\"><span style=\"color: #000000;\">Ouvert\u00a0<\/span><span style=\"color: #000000;\">Du<\/span> <span style=\"color: #148fc4;\">Samedi 20 Juin <\/span><span style=\"color: #000000;\">au<\/span> <span style=\"color: #148fc4;\">Dimanche 13 septembre 2026<\/span><\/h2>\n<h6>\u00a0<\/h6>\n<h2 style=\"text-align: center;\"><em>LOCATIONS de CARAVANES avec et sans auvent<\/em><\/h2>\n<h3 style=\"text-align: center;\">et<\/h3>\n<h2 style=\"text-align: center;\"><em>EMPLACEMENTS<\/em><\/h2>\n<hr \/>\n<h2 style=\"text-align: center;\"><span style=\"color: #993366;\"><strong>T\u00e9l\u00e9phone : 06-83-22-62-91\u00a0 \u00a0 \u00a0 Mail : anthonylambert72@gmail.com<\/strong><\/span><\/h2>\n<h3 style=\"text-align: center;\"><a href=\"https:\/\/www.camping-noirmoutier-frandiere.fr\/wp-content\/uploads\/2024\/06\/PXL_20230909_172710626-EFFECTS-scaled.jpg\"><img loading=\"lazy\" decoding=\"async\" class=\"alignnone wp-image-1462 size-full\" src=\"https:\/\/www.camping-noirmoutier-frandiere.fr\/wp-content\/uploads\/2024\/06\/PXL_20230909_172710626-EFFECTS-scaled.jpg\" alt=\"\" width=\"2560\" height=\"1440\" srcset=\"https:\/\/www.camping-noirmoutier-frandiere.fr\/wp-content\/uploads\/2024\/06\/PXL_20230909_172710626-EFFECTS-scaled.jpg 2560w, https:\/\/www.camping-noirmoutier-frandiere.fr\/wp-content\/uploads\/2024\/06\/PXL_20230909_172710626-EFFECTS-300x169.jpg 300w, https:\/\/www.camping-noirmoutier-frandiere.fr\/wp-content\/uploads\/2024\/06\/PXL_20230909_172710626-EFFECTS-1024x576.jpg 1024w, https:\/\/www.camping-noirmoutier-frandiere.fr\/wp-content\/uploads\/2024\/06\/PXL_20230909_172710626-EFFECTS-768x432.jpg 768w, https:\/\/www.camping-noirmoutier-frandiere.fr\/wp-content\/uploads\/2024\/06\/PXL_20230909_172710626-EFFECTS-1536x864.jpg 1536w, https:\/\/www.camping-noirmoutier-frandiere.fr\/wp-content\/uploads\/2024\/06\/PXL_20230909_172710626-EFFECTS-2048x1152.jpg 2048w\" sizes=\"auto, (max-width: 2560px) 100vw, 2560px\" \/><\/a> <span style=\"color: #008000;\"><span style=\"color: #008080;\"><em>Photo : La magnifique plage des Crevettes qui se situe \u00e0 450m du camping<\/em>\u00a0<\/span>\u00a0 \u00a0 \u00a0 \u00a0 \u00a0 \u00a0 \u00a0 \u00a0 \u00a0 \u00a0 \u00a0 \u00a0 \u00a0 \u00a0 \u00a0 \u00a0 \u00a0 \u00a0 \u00a0 \u00a0 \u00a0 \u00a0 \u00a0 \u00a0 \u00a0 \u00a0 \u00a0 \u00a0 \u00a0 \u00a0 \u00a0 \u00a0 \u00a0 \u00a0 \u00a0 \u00a0\u00a0<\/span><\/h3>\n<h4>Sur l\u2019\u00eele de Noirmoutier, en Vend\u00e9e,<strong><span style=\"color: #000000;\"><span style=\"color: #008080;\"> le Camping La Frandi\u00e8re<\/span> <\/span><\/strong>est id\u00e9al pour les familles \u00e0 la recherche de calme, d\u2019authenticit\u00e9 et de convivialit\u00e9. Sa petite structure lui permet d\u2019\u00eatre atypique et de se diff\u00e9rencier <span style=\"color: #000000;\">des autres<\/span> campings.<\/h4>\n<h4>\u00a0<\/h4>\n<h4>Le camping se compose de <span style=\"color: #00ccff;\">3 Emplacements <\/span>, <span style=\"color: #00ccff;\">3 locations de Caravanes avec auvent<\/span> et <span style=\"color: #00ccff;\">2 locations de caravanes sans auvent<\/span><b>.<\/b><\/h4>\n<h4>\u00a0<\/h4>\n<h4>Le camping se situe sur la commune de Barb\u00e2tre, dans le hameau de la Frandi\u00e8re, l&rsquo;un des endroits le plus calme de l&rsquo;\u00eele, et b\u00e9n\u00e9ficie d\u2019une situation exceptionnelle sur l\u2019\u00eele de Noirmoutier. A 450m se trouve une magnifique plage de sable fin qui longe l\u2019oc\u00e9an sur plus de 7 km. L\u2019acc\u00e8s \u00e0 la plage se fait \u00e0 pied en traversant une for\u00eat de pins et les dunes. Pas besoin de prendre la voiture.<\/h4>\n<h4>\u00a0<\/h4>\n<h4>Des bus gratuits desservent l&rsquo;ensemble de l&rsquo;Ile en Juillet et Ao\u00fbt (arr\u00eat \u00e0 400m du camping), pratique notamment pour les personnes \u00e0 pied ou \u00e0 v\u00e9lo. Le centre de Barb\u00e2tre se trouve \u00e0 moins de 3 km, vous y trouverez tous les commerces et son grand march\u00e9 le mercredi. Le c\u00e9l\u00e8bre passage du Gois qui fait le bonheur des p\u00eacheurs \u00e0 pied se trouve \u00e9galement \u00e0 moins de 3 km.<\/h4>\n<h4>\u00a0<\/h4>\n<h4>Les pistes cyclables (plus de 80km) passent \u00e0 c\u00f4t\u00e9 du camping et permettent de faire le tour de l\u2019\u00eele de Noirmoutier. Pour ceux qui pr\u00e9f\u00e8rent la marche, l\u2019\u00eele dispose de 64 km de sentiers de randonn\u00e9e. Lors de ces ballades vous d\u00e9couvrirez une \u00eele authentique et pr\u00e9serv\u00e9e avec ses villages typiques, sa c\u00f4te sauvage, ses r\u00e9serves naturelles, ses marais salants et ses nombreuses plages.<\/h4>\n<p><a href=\"https:\/\/www.camping-noirmoutier-frandiere.fr\/wp-content\/uploads\/2025\/06\/PXL_20240908_085446178-scaled.jpg\"><img loading=\"lazy\" decoding=\"async\" class=\"alignnone size-full wp-image-1603\" src=\"https:\/\/www.camping-noirmoutier-frandiere.fr\/wp-content\/uploads\/2025\/06\/PXL_20240908_085446178-scaled.jpg\" alt=\"\" width=\"2560\" height=\"1440\" srcset=\"https:\/\/www.camping-noirmoutier-frandiere.fr\/wp-content\/uploads\/2025\/06\/PXL_20240908_085446178-scaled.jpg 2560w, https:\/\/www.camping-noirmoutier-frandiere.fr\/wp-content\/uploads\/2025\/06\/PXL_20240908_085446178-300x169.jpg 300w, https:\/\/www.camping-noirmoutier-frandiere.fr\/wp-content\/uploads\/2025\/06\/PXL_20240908_085446178-1024x576.jpg 1024w, https:\/\/www.camping-noirmoutier-frandiere.fr\/wp-content\/uploads\/2025\/06\/PXL_20240908_085446178-768x432.jpg 768w, https:\/\/www.camping-noirmoutier-frandiere.fr\/wp-content\/uploads\/2025\/06\/PXL_20240908_085446178-1536x864.jpg 1536w, https:\/\/www.camping-noirmoutier-frandiere.fr\/wp-content\/uploads\/2025\/06\/PXL_20240908_085446178-2048x1152.jpg 2048w\" sizes=\"auto, (max-width: 2560px) 100vw, 2560px\" \/><\/a><a href=\"https:\/\/www.camping-noirmoutier-frandiere.fr\/wp-content\/uploads\/2025\/06\/PXL_20240717_065343272-scaled.jpg\"><img loading=\"lazy\" decoding=\"async\" class=\"alignnone size-full wp-image-1604\" src=\"https:\/\/www.camping-noirmoutier-frandiere.fr\/wp-content\/uploads\/2025\/06\/PXL_20240717_065343272-scaled.jpg\" alt=\"\" width=\"2560\" height=\"1440\" srcset=\"https:\/\/www.camping-noirmoutier-frandiere.fr\/wp-content\/uploads\/2025\/06\/PXL_20240717_065343272-scaled.jpg 2560w, https:\/\/www.camping-noirmoutier-frandiere.fr\/wp-content\/uploads\/2025\/06\/PXL_20240717_065343272-300x169.jpg 300w, https:\/\/www.camping-noirmoutier-frandiere.fr\/wp-content\/uploads\/2025\/06\/PXL_20240717_065343272-1024x576.jpg 1024w, https:\/\/www.camping-noirmoutier-frandiere.fr\/wp-content\/uploads\/2025\/06\/PXL_20240717_065343272-768x432.jpg 768w, https:\/\/www.camping-noirmoutier-frandiere.fr\/wp-content\/uploads\/2025\/06\/PXL_20240717_065343272-1536x864.jpg 1536w, https:\/\/www.camping-noirmoutier-frandiere.fr\/wp-content\/uploads\/2025\/06\/PXL_20240717_065343272-2048x1152.jpg 2048w\" sizes=\"auto, (max-width: 2560px) 100vw, 2560px\" \/><\/a><\/p>\n<p><a href=\"https:\/\/www.camping-noirmoutier-frandiere.fr\/wp-content\/uploads\/2023\/07\/PXL_20230623_094102127-scaled.jpg\"><img loading=\"lazy\" decoding=\"async\" class=\"size-full wp-image-1153 alignright\" src=\"https:\/\/www.camping-noirmoutier-frandiere.fr\/wp-content\/uploads\/2023\/07\/PXL_20230623_094102127-scaled.jpg\" alt=\"\" width=\"2560\" height=\"1440\" srcset=\"https:\/\/www.camping-noirmoutier-frandiere.fr\/wp-content\/uploads\/2023\/07\/PXL_20230623_094102127-scaled.jpg 2560w, https:\/\/www.camping-noirmoutier-frandiere.fr\/wp-content\/uploads\/2023\/07\/PXL_20230623_094102127-300x169.jpg 300w, https:\/\/www.camping-noirmoutier-frandiere.fr\/wp-content\/uploads\/2023\/07\/PXL_20230623_094102127-1024x576.jpg 1024w, https:\/\/www.camping-noirmoutier-frandiere.fr\/wp-content\/uploads\/2023\/07\/PXL_20230623_094102127-768x432.jpg 768w, https:\/\/www.camping-noirmoutier-frandiere.fr\/wp-content\/uploads\/2023\/07\/PXL_20230623_094102127-1536x864.jpg 1536w, https:\/\/www.camping-noirmoutier-frandiere.fr\/wp-content\/uploads\/2023\/07\/PXL_20230623_094102127-2048x1152.jpg 2048w\" sizes=\"auto, (max-width: 2560px) 100vw, 2560px\" \/><\/a><\/p>\n<p><a href=\"https:\/\/www.camping-noirmoutier-frandiere.fr\/wp-content\/uploads\/2023\/07\/PXL_20230624_075113964-scaled.jpg\"><img loading=\"lazy\" decoding=\"async\" class=\"alignnone size-full wp-image-1154\" src=\"https:\/\/www.camping-noirmoutier-frandiere.fr\/wp-content\/uploads\/2023\/07\/PXL_20230624_075113964-scaled.jpg\" alt=\"\" width=\"2560\" height=\"1440\" srcset=\"https:\/\/www.camping-noirmoutier-frandiere.fr\/wp-content\/uploads\/2023\/07\/PXL_20230624_075113964-scaled.jpg 2560w, https:\/\/www.camping-noirmoutier-frandiere.fr\/wp-content\/uploads\/2023\/07\/PXL_20230624_075113964-300x169.jpg 300w, https:\/\/www.camping-noirmoutier-frandiere.fr\/wp-content\/uploads\/2023\/07\/PXL_20230624_075113964-1024x576.jpg 1024w, https:\/\/www.camping-noirmoutier-frandiere.fr\/wp-content\/uploads\/2023\/07\/PXL_20230624_075113964-768x432.jpg 768w, https:\/\/www.camping-noirmoutier-frandiere.fr\/wp-content\/uploads\/2023\/07\/PXL_20230624_075113964-1536x864.jpg 1536w, https:\/\/www.camping-noirmoutier-frandiere.fr\/wp-content\/uploads\/2023\/07\/PXL_20230624_075113964-2048x1152.jpg 2048w\" sizes=\"auto, (max-width: 2560px) 100vw, 2560px\" \/><\/a><\/p>\n<p><a href=\"https:\/\/www.camping-noirmoutier-frandiere.fr\/wp-content\/uploads\/2023\/07\/PXL_20230622_074405087-scaled.jpg\"><img loading=\"lazy\" decoding=\"async\" class=\"alignnone size-full wp-image-1162\" src=\"https:\/\/www.camping-noirmoutier-frandiere.fr\/wp-content\/uploads\/2023\/07\/PXL_20230622_074405087-scaled.jpg\" alt=\"\" width=\"2560\" height=\"1440\" srcset=\"https:\/\/www.camping-noirmoutier-frandiere.fr\/wp-content\/uploads\/2023\/07\/PXL_20230622_074405087-scaled.jpg 2560w, https:\/\/www.camping-noirmoutier-frandiere.fr\/wp-content\/uploads\/2023\/07\/PXL_20230622_074405087-300x169.jpg 300w, https:\/\/www.camping-noirmoutier-frandiere.fr\/wp-content\/uploads\/2023\/07\/PXL_20230622_074405087-1024x576.jpg 1024w, https:\/\/www.camping-noirmoutier-frandiere.fr\/wp-content\/uploads\/2023\/07\/PXL_20230622_074405087-768x432.jpg 768w, https:\/\/www.camping-noirmoutier-frandiere.fr\/wp-content\/uploads\/2023\/07\/PXL_20230622_074405087-1536x864.jpg 1536w, https:\/\/www.camping-noirmoutier-frandiere.fr\/wp-content\/uploads\/2023\/07\/PXL_20230622_074405087-2048x1152.jpg 2048w\" sizes=\"auto, (max-width: 2560px) 100vw, 2560px\" \/><\/a><\/p>\n<p><a href=\"https:\/\/www.camping-noirmoutier-frandiere.fr\/wp-content\/uploads\/2026\/01\/PXL_20250903_165517541-scaled.jpg\"><img loading=\"lazy\" decoding=\"async\" class=\"alignnone size-full wp-image-1654\" src=\"https:\/\/www.camping-noirmoutier-frandiere.fr\/wp-content\/uploads\/2026\/01\/PXL_20250903_165517541-scaled.jpg\" alt=\"\" width=\"2560\" height=\"1440\" srcset=\"https:\/\/www.camping-noirmoutier-frandiere.fr\/wp-content\/uploads\/2026\/01\/PXL_20250903_165517541-scaled.jpg 2560w, https:\/\/www.camping-noirmoutier-frandiere.fr\/wp-content\/uploads\/2026\/01\/PXL_20250903_165517541-300x169.jpg 300w, https:\/\/www.camping-noirmoutier-frandiere.fr\/wp-content\/uploads\/2026\/01\/PXL_20250903_165517541-1024x576.jpg 1024w, https:\/\/www.camping-noirmoutier-frandiere.fr\/wp-content\/uploads\/2026\/01\/PXL_20250903_165517541-768x432.jpg 768w, https:\/\/www.camping-noirmoutier-frandiere.fr\/wp-content\/uploads\/2026\/01\/PXL_20250903_165517541-1536x864.jpg 1536w, https:\/\/www.camping-noirmoutier-frandiere.fr\/wp-content\/uploads\/2026\/01\/PXL_20250903_165517541-2048x1152.jpg 2048w\" sizes=\"auto, (max-width: 2560px) 100vw, 2560px\" \/><\/a><a href=\"https:\/\/www.camping-noirmoutier-frandiere.fr\/wp-content\/uploads\/2023\/07\/PXL_20220825_185015814-scaled.jpg\"><img loading=\"lazy\" decoding=\"async\" class=\"alignnone size-full wp-image-1155\" src=\"https:\/\/www.camping-noirmoutier-frandiere.fr\/wp-content\/uploads\/2023\/07\/PXL_20220825_185015814-scaled.jpg\" alt=\"\" width=\"2560\" height=\"1440\" srcset=\"https:\/\/www.camping-noirmoutier-frandiere.fr\/wp-content\/uploads\/2023\/07\/PXL_20220825_185015814-scaled.jpg 2560w, https:\/\/www.camping-noirmoutier-frandiere.fr\/wp-content\/uploads\/2023\/07\/PXL_20220825_185015814-300x169.jpg 300w, https:\/\/www.camping-noirmoutier-frandiere.fr\/wp-content\/uploads\/2023\/07\/PXL_20220825_185015814-1024x576.jpg 1024w, https:\/\/www.camping-noirmoutier-frandiere.fr\/wp-content\/uploads\/2023\/07\/PXL_20220825_185015814-768x432.jpg 768w, https:\/\/www.camping-noirmoutier-frandiere.fr\/wp-content\/uploads\/2023\/07\/PXL_20220825_185015814-1536x864.jpg 1536w, https:\/\/www.camping-noirmoutier-frandiere.fr\/wp-content\/uploads\/2023\/07\/PXL_20220825_185015814-2048x1152.jpg 2048w\" sizes=\"auto, (max-width: 2560px) 100vw, 2560px\" \/><\/a><\/p>\n\n\n<figure class=\"wp-block-image size-large\"><a href=\"https:\/\/www.camping-noirmoutier-frandiere.fr\/wp-content\/uploads\/2023\/07\/PXL_20210820_194847499.NIGHT_-scaled.jpg\"><img loading=\"lazy\" decoding=\"async\" width=\"1024\" height=\"576\" src=\"https:\/\/www.camping-noirmoutier-frandiere.fr\/wp-content\/uploads\/2023\/07\/PXL_20210820_194847499.NIGHT_-1024x576.jpg\" alt=\"\" class=\"wp-image-1169\" srcset=\"https:\/\/www.camping-noirmoutier-frandiere.fr\/wp-content\/uploads\/2023\/07\/PXL_20210820_194847499.NIGHT_-1024x576.jpg 1024w, https:\/\/www.camping-noirmoutier-frandiere.fr\/wp-content\/uploads\/2023\/07\/PXL_20210820_194847499.NIGHT_-300x169.jpg 300w, https:\/\/www.camping-noirmoutier-frandiere.fr\/wp-content\/uploads\/2023\/07\/PXL_20210820_194847499.NIGHT_-768x432.jpg 768w, https:\/\/www.camping-noirmoutier-frandiere.fr\/wp-content\/uploads\/2023\/07\/PXL_20210820_194847499.NIGHT_-1536x864.jpg 1536w, https:\/\/www.camping-noirmoutier-frandiere.fr\/wp-content\/uploads\/2023\/07\/PXL_20210820_194847499.NIGHT_-2048x1152.jpg 2048w\" sizes=\"auto, (max-width: 1024px) 100vw, 1024px\" \/><\/a><\/figure>\n\n\n\n<p><\/p>\n","protected":false},"excerpt":{"rendered":"<p>Camping La Frandi\u00e8re &#8211; Saison 2026 Ouvert\u00a0Du Samedi 20 Juin au Dimanche 13 septembre 2026 \u00a0 LOCATIONS de CARAVANES avec et sans auvent et EMPLACEMENTS T\u00e9l\u00e9phone : 06-83-22-62-91\u00a0 \u00a0 \u00a0 Mail : anthonylambert72@gmail.com Photo : La magnifique plage des Crevettes qui se situe \u00e0 450m du camping\u00a0\u00a0 \u00a0 \u00a0 \u00a0 \u00a0 \u00a0 \u00a0 \u00a0 \u00a0 [&hellip;]<\/p>\n","protected":false},"author":1,"featured_media":0,"parent":0,"menu_order":0,"comment_status":"open","ping_status":"open","template":"","meta":{"footnotes":""},"class_list":["post-14","page","type-page","status-publish","hentry"],"_links":{"self":[{"href":"https:\/\/www.camping-noirmoutier-frandiere.fr\/index.php?rest_route=\/wp\/v2\/pages\/14","targetHints":{"allow":["GET"]}}],"collection":[{"href":"https:\/\/www.camping-noirmoutier-frandiere.fr\/index.php?rest_route=\/wp\/v2\/pages"}],"about":[{"href":"https:\/\/www.camping-noirmoutier-frandiere.fr\/index.php?rest_route=\/wp\/v2\/types\/page"}],"author":[{"embeddable":true,"href":"https:\/\/www.camping-noirmoutier-frandiere.fr\/index.php?rest_route=\/wp\/v2\/users\/1"}],"replies":[{"embeddable":true,"href":"https:\/\/www.camping-noirmoutier-frandiere.fr\/index.php?rest_route=%2Fwp%2Fv2%2Fcomments&post=14"}],"version-history":[{"count":117,"href":"https:\/\/www.camping-noirmoutier-frandiere.fr\/index.php?rest_route=\/wp\/v2\/pages\/14\/revisions"}],"predecessor-version":[{"id":1655,"href":"https:\/\/www.camping-noirmoutier-frandiere.fr\/index.php?rest_route=\/wp\/v2\/pages\/14\/revisions\/1655"}],"wp:attachment":[{"href":"https:\/\/www.camping-noirmoutier-frandiere.fr\/index.php?rest_route=%2Fwp%2Fv2%2Fmedia&parent=14"}],"curies":[{"name":"wp","href":"https:\/\/api.w.org\/{rel}","templated":true}]}}